 digit of l?
8
Let h = -20 - -30. Let p(f) = -f + 22. What is the units digit of p(h)?
2
What is the hundreds digit of 610*(-3)/(30/(-4))?
2
Let v = -15 + 22. What is the units digit of v?
7
Let v(i) = 3*i**3 - 3*i**2 + 2*i. What is the units digit of v(2)?
6
Let q(j) = -j + 6. Let l be q(6). Suppose l = 3*c - 9 - 3. What is the units digit of c?
4
Suppose -u = -3*m - 0 + 14, -5*m + 30 = -5*u. Let y(h) = 3*h - 2. What is the tens digit of y(m)?
1
Let i = 1 + 3. Suppose 2 = i*s + k - 2*k, s + 3*k = 7. Let b = s - 0. What is the units digit of b?
1
Suppose 3*n + 2*a - 509 = 0, -a - 3 = -4*a. What is the units digit of n?
9
Let b be (-1)/((-3)/(-12)*-2). Let a(d) = -2 - 2*d + d - 2 + b*d. What is the units digit of a(7)?
3
What is the units digit of (-15)/((-36)/(-20) - 2)?
5
What is the tens digit of (-319)/(-5) + (-7)/(-35)?
6
Let i be 4/(-2*(-1)/(-2)). What is the units digit of (0 - (-3)/i)*-4?
3
Suppose f = 3*n - n - 124, -2*n - f + 124 = 0. Suppose 3*y = 5*y - n. What is the tens digit of y?
3
Let w = -7 - -3. Let b be (-51)/(-12) - (-1)/w. Suppose 5*n = -2*s + 28 - 11, 36 = 3*s + b*n. What is the units digit of s?
6
Let o be 1/(14/(-4))*-14. Let l(a) = -2*a + 9. What is the units digit of l(o)?
1
Suppose 2*i + 2*d = 5*d - 20, -2*d = 5*i + 31. What is the units digit of (-4)/14 + (-58)/i?
8
Let g = -8 + 4. What is the units digit of g/14 - (-174)/21?
8
Let f(h) be the third derivative of -h**4/4 + h**3/6 + 6*h**2. What is the units digit of f(-1)?
7
Let u = 4 - 4. Suppose -24 = -2*q - 6*p + 3*p, 2*q + 4*p - 24 = u. What is the tens digit of q?
1
Suppose -5*q + 64 = -31. What is the tens digit of q?
1
Suppose 5*j = -2*a + 1, a - 8 = -3*a - 4*j. Suppose -a*q + 33 = -12. Suppose v + q = 2*t, -4*t - 7*v = -2*v - 9. What is the units digit of t?
6
What is the units digit of (-6)/8 - 1495/(-52)?
8
Let g = 0 - -43. Suppose 3*y = 2 + g. What is the units digit of y?
5
Let u(k) be the first derivative of 10*k**3/3 - k**2/2 - k - 1. What is the units digit of u(-1)?
0
What is the tens digit of (-104)/(-6) + 10/15?
1
Suppose -10 = -5*t + t - k, 0 = 3*t - 5*k + 4. Suppose 3 + 20 = h + 3*m, -t*m - 47 = -3*h. What is the tens digit of h?
1
What is the units digit of (-1654)/(-14) - 21/147?
8
Suppose -2*q + 21 = -3*v, 2*q - 3*q - 9 = 5*v. Let g(c) = c**3 - 8*c**2 + 8*c - 4. Let r be g(q). Let z = 42 + r. What is the tens digit of z?
1
Suppose 0 = -5*g + 4 - 9. Let x = 17 - g. What is the units digit of x?
8
Let v(o) = o**2 - 4*o - 4. Let x be v(4). Let a = x + 15. Suppose 5 = 2*c - a. What is the units digit of c?
8
Let q(v) = v - 4. Let m be q(4). Suppose m = a + 5*s - 15, 4*s + 14 = 4*a + s. Suppose 5*b + 3*n - 37 = -n, -2*n = a*b - 41. What is the units digit of b?
9
Suppose -v = 4*v - 110. What is the units digit of (-4)/v + 24/11?
2
Suppose -5*t + 5 = -0*t + i, 5*t + 3*i = -5. Suppose 0 = -t*q + 2 + 2. Suppose q*b - 6*b = -32. What is the units digit of b?
8
Let a be -1 - 30/(-4)*6. Suppose 5*g = -4*j + 188, 0*g + 4*j = -g + a. What is the units digit of g?
6
Let z(q) = 3*q**2 - q. Let s be z(-4). What is the units digit of s/6 - 4/6?
8
Let i be -2 + 10 + (-2)/(-2). Let d = -18 - -12. Let n = d + i. What is the units digit of n?
3
Let m = 18 - 16. Suppose -m*f + 5*f - 90 = 0. What is the tens digit of f?
3
Let p(q) = q**3 + 8*q**2 - 11*q + 6. What is the tens digit of p(-9)?
2
Let b(a) = 2*a**3 + 2*a**2 + 4*a - 1. Let m be b(3). Suppose -4*c - 2*l - 8 = -76, -3*l = 5*c - m. What is the units digit of c?
9
Let o(d) = 2*d + 2. Let c be o(3). Suppose -4*q + 11 = -1. Suppose c*p = 3*p - 5*i - 5, q*p - 12 = 2*i. What is the units digit of p?
2
Suppose y + 29 - 264 = 0. What is the tens digit of y?
3
Suppose 7*p - 6*p = 39. What is the tens digit of p?
3
Suppose 2*i - 8 = -4*x, 3*x - 7 + 2 = -2*i. Let l be (1/2 + -1)*-8. Let g = i + l. What is the units digit of g?
2
Suppose 0 = -3*f + 8 + 22. What is the units digit of f?
0
Suppose 4*h + 2 + 34 = -4*d, -2*h = -4*d - 12. Let x = 7 - -2. Let n = x + d. What is the units digit of n?
4
Let x(n) = 6 + 4*n - n + 0 - 4*n. Let s be x(6). Suppose -2*c = 2*t - 14, s = 5*t + 3*c - 39 - 0. What is the units digit of t?
9
Suppose 0 = -5*k - f + 6*f + 1590, 336 = k + 5*f. What is the hundreds digit of k?
3
Let q(c) = -30*c**3 - 1. Suppose 5*w = 3*i + 29 - 11, -4*i = -w + 7. Let l be q(i). Suppose v - l = -5*o, -3*v = v + o - 21. What is the units digit of v?
4
Suppose -q - q + 3*a = -102, -276 = -5*q - 3*a. Let h = 90 - q. What is the tens digit of h?
3
Let s(b) = b + 15. Let v be s(-10). Suppose 6 = 2*c, w - c - v = -2*c. What is the units digit of w?
2
Suppose -3*s + 180 = w + 2*w, -3*w + 2*s = -180. What is the tens digit of w?
6
Suppose -5*j + 1625 = -4*b, -3*b + 1 = -14. What is the tens digit of j?
2
Suppose -4*b = -3*q - 269, -b - q = 2*q - 71. Suppose 4*k + b = -348. What is the units digit of 16/k - (-420)/26?
6
Suppose 5*n = -3*b + 37, 0 = -4*n - 9*b + 4*b + 40. Let c = n + 1. What is the units digit of c?
6
What is the units digit of 4/3 + (-488)/(-12)?
2
What is the tens digit of 320/4 + (2 - -2)?
8
Suppose -8 + 28 = 4*q. Suppose -153 = -q*n + 27. Suppose 0 = 4*j - 0*j - n. What is the units digit of j?
9
Suppose -z = 3*z - g + 3, 2*z - 5*g = -15. Suppose -4*t + t + 27 = z. Suppose -5 = -s, 3*s + 9 + t = 3*p. What is the tens digit of p?
1
What is the tens digit of (-34)/119 - (-424)/14?
3
Let k = 92 + -28. What is the units digit of k?
4
Let j(g) = 4*g**2 + 7*g + 3. Let w(m) = 3*m**2 + 6*m + 2. Let z(x) = 4*j(x) - 5*w(x). What is the tens digit of z(6)?
2
Suppose 4*z + 376 = 3*s, -4*z + 392 = s + 2*s. What is the tens digit of s?
2
Suppose -2*c + 78 - 201 = -5*h, c - 101 = -4*h. Suppose -2*f = 5*b + 15, -25 = -2*f - b + 4*b. Suppose f*i = -5 + h. What is the units digit of i?
4
Let n(o) = -14*o - 22. What is the units digit of n(-6)?
2
Let k be (-23)/(-3) - (-4)/(-6). Let y = 20 - k. What is the units digit of y?
3
Let j(q) = 6*q**3 + 4*q**2 - 11*q - 20. Let n(l) = -l**3 + l**2 + 1. Let u(g) = -j(g) - 5*n(g). What is the units digit of u(-10)?
5
Let z(p) = 3*p**3 - 2*p**2 - p - 3. What is the units digit of z(3)?
7
Let v = 3 + -4. Let g = 13 - v. What is the units digit of g?
4
Let n(u) = -44*u + 31*u - 6*u**2 + 0*u**3 - u**3 - 6. What is the tens digit of n(-5)?
3
Suppose -91 = 4*s - 503. What is the units digit of s?
3
Let j = 81 - 50. Let d be 22/5*1*-5. Let g = j + d. What is the units digit of g?
9
Let j(w) = -5*w + 5. Let c be j(5). Let n = 32 + c. What is the tens digit of n?
1
Suppose 4*t = -5*c + 36, -c + 2*c = 2*t - 18. What is the units digit of t?
9
Suppose 5*o = 4*d - 95, 0 = 3*o - 1 - 14. What is the units digit of d?
0
Let n(d) be the second derivative of d**5/20 - d**4/3 - d**3/6 - 2*d**2 - 9*d. Suppose -4*x - 3*q + 1 = -16, x - 2*q = 7. What is the tens digit of n(x)?
1
What is the units digit of (-260)/(-28) - (-4)/(-14)?
9
Suppose 3*s + 6 = 0, 0 = 5*k - 3*s - 70 - 6. Suppose -q + k = -3. What is the units digit of q?
7
Suppose 16 = 4*a - 8. Let m = a + 2. What is the units digit of m?
8
Let q = -52 - -93. What is the tens digit of q?
4
Let s be (-1)/(19/(-9) - -2). What is the tens digit of 146/s - 4/18?
1
Let b(q) = -q**3 - 7*q**2 + 13*q + 7. Suppose 0 = 3*o + 5*t + 42, 3*o - t - t + 21 = 0. Let s be b(o). Suppose -4*d - 12 = -s. What is the tens digit of d?
1
Let b(t) = t**3 + 6*t**2 + t - 1. Let f be b(-6). Let i = f - -13. What is the units digit of i?
6
Let y(v) = -v**3 + 2*v**2 - v + 3. Let g be y(3). Let s be 102/(-27) + 2/g. What is the units digit of 7 - (-1 + s/(-2))?
6
Let m(y) = y**2 - 15*y + 6. Let i be m(15). Suppose 2*z + 52 = i*z. What is the units digit of z?
3
Suppose -4*v = 5*k - 209, 4*v - k - 227 = -0*k. What is the units digit of v?
6
Let c(x) = 5*x + 2. Let h be c(3). Suppose f + j = -6, 2*f + 5*j + 4 + h = 0. What is the units digit of ((-56)/(-12))/((-2)/f)?
7
Let l(w) = -w + 5. Let y be l(4). Let j = 78 - 77. What is the units digit of (17 - 4) + j + y?
5
Suppose -244 = -6*g + 74. What is the units digit of g?
3
Let r = 18 + -14. What is the units digit of r?
4
Let y be 1/(-2) + 39/6. What is the units digit of (-9)/y*(-12)/9?
2
Let y = 6 + 3. Suppose 3*x = -3*f - y + 21, 0 = -4*f + 3*x + 44. What is the units digit of f?
8
Suppose 0 = 4*b - 4*i - 180, -3*b